6 + 10 + 3 + -7 + (10 - 5).
27
What is 9 + -1 + -10 + 29 + -21 + 6?
12
What is the value of (-4 - 7) + (31 + -6 - -3)?
17
Calculate 0 + 28 - (-290 + 307 - (13 + -2)).
22
(4 - -1) + -18 + -25 + 67 + 8
37
Evaluate 5 + 6 + -2 + (1 - (-5 - -7)).
8
What is the value of 7 + -6 - (10 - 5 - -9)?
-13
Calculate 1 + (-14 - (-4 - -1)) + 7.
-3
Calculate -13 - 1 - (32 - 16 - 12).
-18
32 - -1 - ((-8 - (-7 - -10)) + 14)
30
What is (-2 - -25) + -2 - (33 + -31)?
19
Evaluate 9 + (-18 - -6 - 7).
-10
Evaluate -2 - (4 - 4 - -20).
-22
What is 0 + 18 + -83 + 59?
-6
6 + -25 + 38 + -15
4
2 + (-8 + 12 - (6 + -5 + 10))
-5
What is the value of (-8 + 3 + 3 - 14) + -2?
-18
Calculate (-23 - -2 - -7) + 9.
-5
What is (-6 - -31) + -21 - -10?
14
Evaluate -16 - -5 - (-11 + -7).
7
What is 57 + (-8 + -15 - 19)?
15
What is the value of 15 - (16 + 7 + -17)?
9
What is the value of (-24 - -16) + (-17 - -25)?
0
What is the value of -15 - (-9 + -16) - (9 + -4 + 0)?
5
Evaluate -7 + (21 - (4 + (1 - 6))).
15
What is (9 - (10 - (28 - 9 - 7))) + -45?
-34
What is (-30 - (-19 + 3)) + 21?
7
What is the value of 3 + (-6 - 28 - -19)?
-12
-6 - ((2 - 25 - -11) + -1)
7
6 - (4 + (1 - (-11 - -6)) + 7)
-11
Evaluate (-9 - -14) + -10 + 1 + -1.
-5
Evaluate -2 + 10 + 114 + -127.
-5
What is (-45 - -82) + 8 + -80?
-35
Calculate 1 + 0 + -1 - (2 - -3).
-5
What is -9 + 5 + (-2 - (-6 + 10)) + 18?
8
What is the value of -22 - (1 - 1) - (8 - 18)?
-12
7 + 11 + -41 - -1
-22
Evaluate -6 + 25 - (-14 + 39).
-6
What is 2 - (6 + -6 + -13 + 4)?
11
3 + 6 + (336 - 359)
-14
Calculate -4 - (-148 + 137 + (1 - -1)).
5
Evaluate -2 - (-7 - -16) - (-28 - -23).
-6
-27 + (-2 - (-8 - -4 - 9))
-16
What is the value of (-4 - (-8 + 9)) + 7 - -9?
11
-2 - (139 + -135 - (-1 - -1))
-6
What is -4 + (-2 - -15) - (15 - 2)?
-4
What is -50 + 120 + -73 + (11 - -1)?
9
What is the value of (-1 - -1) + (-7 - 1) + 9 + 2?
3
Evaluate (12 - -15) + -19 + -4 + 1.
5
What is the value of 17 + (-12 - (-6 - -4)) + (2 - -7)?
16
What is -23 + -5 + 19 + -10?
-19
12 + 11 + -14 + 3
12
Evaluate 56 + -35 + (7 - 43).
-15
29 - -10 - (22 + 2)
15
Calculate (428 + -411 - (0 + 23)) + -9.
-15
746 + -733 - (8 - 0 - -1)
4
-1 + 2 + (-5 - (-4 + -6 + 5))
1
What is (-31 - -11) + 32 - 5?
7
(-15 - -25 - 3) + -12 - 1
-6
-87 + 93 + 2 + 0 + (-1 - 27)
-20
Calculate 11 - (7 - (10 - (3 + -4))).
15
What is -8 - (-5 + 5 + -3 + -3)?
-2
(27 - (6 + -6)) + 0 + 7 + -9
25
Evaluate (24 - -2) + (-12 - (-9 + 4 - 3)).
22
Evaluate -12 - 1 - 11 - (2 + -6).
-20
Evaluate 15 + (-20 - (20 - 46)).
21
What is the value of (-52 - -11) + 47 - (1 - -28)?
-23
Evaluate (10 - (-1 + (-6 - -5)) - 3) + 2.
11
What is the value of 17 - (20 - 12 - -3)?
6
What is the value of 2 - (14 - (-2 - -6))?
-8
What is the value of 2 - (-11 - (3 + -4))?
12
(0 - 17) + (-11 + 10 - -12) + -4
-10
What is the value of -1 - (-7 + -15 - -27)?
-6
(-1 - 4) + (22 - 48 - -32)
1
What is the value of -51 + (13 - -1 - -9 - 6)?
-34
Evaluate 34 + -2 + -1 + (38 + -30 - 7).
32
What is (22 - -21 - (1 + (9 - -1))) + -4?
28
-1 - (-9 - 1) - (27 - 18)
0
5 + -2 + (5 - (15 + -6))
-1
(-8 - -13) + -10 + -1 + 2 + -2
-6
What is the value of (8 - 0) + (-8 - (4 + 5 + 0))?
-9
Calculate 151 + -131 + -10 + -8.
2
What is the value of 42 + (-29 - (-42 - -44))?
11
Evaluate 49 + -43 + (5 + -3 - (11 - 3)).
0
(-66 - -106) + 1 + 0 + -13
28
Calculate (-4 - 2) + 10 - ((1 - -2) + -1).
2
What is the value of 10 + (-29 - -7 - 0) + 10 + -15?
-17
Evaluate 3 + -1 + (-9 + 26 + -17 - -6).
8
What is the value of 2 - 21 - (30 + (-77 - -13))?
15
What is (2 - -22) + (-75 - -59) + 1?
9
Evaluate (18 - 9) + (-3 - (1 + 7)).
-2
What is the value of -16 + (6 - -12) + -10 + 33?
25
Evaluate 2 - 28 - (4 - 16).
-14
What is the value of -9 + 0 - (-550 - -544)?
-3
What is the value of 229 + -231 - (-2 + 0 - -16)?
-16
Calculate (-115 + 112 - (4 + -1)) + 2.
-4
Evaluate -28 + (-2 - (2 - 22)) + (-11 - -2).
-19
Calculate 6 - (60 + (-13 - 0) + -16).
-25
Calculate (4 - 3) + 6 + 9 + -7.
9
What is 1 + -13 + 13 - (3 + (0 - 3))?
1
48 - 47 - (-15 - 1 - -3)
14
-49 + 32 + 29 + (1 - 0)
13
What is the value of -8 + (-76 + 75 - (-2 - (2 + 0)))?
-5
What is (-490 - -469) + 9 + 1?
-11
What is the value of 162 + -168 - (0 + -6 + 9)?
-9
10 + -3 + (-15 + 9 - 19) + 6
-12
Calculate 14 - (22 - (-5 + 5)).
-8
Calculate -143 + 120 + (3 - -15).
-5
What is the value of 17 - (11 + (7 - 2))?
1
Evaluate -10 + (33 - -1) - 21.
3
Calculate (9 - (-5 + (15 - 8))) + 6 + 2.
15
What is 37 + (48 + -25 - 48)?
12
(-366 - -365) + 21 + 1
21
0 - (-2 - 1 - -11)
-8
What is 13 + (9 - 16) - (1 + 1 - 0)?
4
Evaluate 0 - ((-9 - 0) + (-9 - (17 - 33))).
2
What is 7 - (-4 + 21) - -18 - -8?
16
Evaluate -8 + 2 + -2 + -1 - (1147 - 1127).
-29
Calculate 17 - ((14 - -1 - 7) + -5 + 1).
13
Evaluate -3 + 2 + -103 + 103 + 0 + 5.
4
11 - (-3 - -7 - -3) - (18 + -3)
-11
Calculate ((4 - -17) + 4 - (-25 - -26)) + -7.
17
Evaluate -4 + 17 + -13 + -14.
-14
Calculate (-17 + 7 - -5) + 10.
5
Calculate 1 + -18 + 20 + -11.
-8
Calculate (-5 - 1) + (11 - -1) + -2.
4
What is -6 - -15 - (35 - 12)?
-14
0 + 2 + 1 - ((-3 - -13) + -5)
-2
What is 32 + (-16 - -24) + -14 - 14?
12
What is -5 + 0 - (-19 + -15 + 9 + 13)?
7
What is 2 + -16 + 14 - 9?
-9
Evaluate (20 - 12 - -6) + 3 - -7.
24
64 - (-33 + 13 + 52)
32
What is -10 - 15 - (-2 + -7)?
-16
Evaluate -18 - (-11 + 18 - 12).
-13
Calculate 0 + -2 + (-14 - -1) + 22.
7
4 - (-1 - (20 + -13))
12
Calculate -20 - 1 - ((-17 - 0) + (301 - 279)).
-26
Calculate 1 + (349 + -348 - (-1 + 2 + -3)).
4
What is (-4 - (-10 + 22)) + 14?
-2
335 + -331 + 21 + -2
23
What is the value of 11 + 16 + (-28 - -4 - -14)?
17
Calculate (3 + -9 - 7 - -32) + -31.
-12
-15 - (1 - 3) - ((16 - -1) + -19)
-11
Evaluate 38 + (29 + -37 - 18).
12
What is (23 - 8) + -18 + 16?
13
What is 2 - -2 - (1 - -2) - (-21 - -30)?
-8
What is (-1 - -5) + 8 + -2?
10
Calculate 7 - 1 - (7 + (-6 - 0)).
5
What is (554 + -552 - (-2 + 2 + -1)) + -13?
-10
6 + (2 - (-17 + 22))
3
What is 1 + -8 + -3 + -3?
-13
Calculate 14 + 10 + -18 - 0 - 30.
-24
Calculate ((-9 - -7) + -9 - -9) + -5.
-7
Calculate (0 + -1 - ((-15 - -20) + 4)) + -8.
-18
What is 0 + -8 + 14 + (-9 - 1) + 6?
2
-5 + 16 + (-3 - 9) - (4 - -1)
-6
Calculate (318 - 327) + (2 - 17).
-24
What is the value of -16 - (-28 + 7 + 6)?
-1
0 + (0 - (4 - 12))
8
Calculate (0 + 1 - -1) + 10 + -26 + 8.
-6
What is the value of (-10 - 1) + 0 + (9 - (3 + 7))?
-12
0 - -5 - (288 + -274)
-9
Calculate 9 + (2 - (5 - (-9 - -10))).
7
18 + 1 + -471 + 461
9
Evaluate 1 - 21 - (-2478 + 2450).
8
What is the value of (-4 - (-4 - (1 + 1))) + 15?
17
What is the value of -9 + -5 + 1 + 7 - -10?
4
Evaluate (-12 - -23) + -26 + 21 - (0 + 1).
5
What is the value of 0 - 5 - (-83 + 68)?
10
What is the value of -21 - (2 + (10 - 13 - -1))?
-21
Evaluate 3 - 13 - (-8 - -10) - 7 - -5.
-14
(-2 - (4 - (-3 - -4) - -2)) + 6
-1
-26 + 29 + -2 + (-17 - 1)
-17
What is the value of -15 + -6 + 8 - -5?
-8
Evaluate -11 + (23 - 13) + -6 - -3.
-4
What is 4 + -15 + 22 + 1?
12
Calculate (5 + -5 - -5) + (10 + 0 - 8).
7
What is the value of 11 + (-13 - (-11 + 5))?
4
What is -4 - -21 - (-239 - -271)?
-15
What is the value of -18 + -14 + 55 + -8?
15
What is the value of 3 - (-2 + 0 - -18) - -3?
-10
Evaluate 27 + -13 + -22 - -7.
-1
Evaluate (11 - 12) + (-2 - -12).
9
-1 - (-2 - 0) - (30 + -26 + -3)
0
-139 + 154 + -2 + -8
5
(1 + -5 - 3 - 2 - 1) + -3
-13
Calculate (14 - 13 - -6) + 2 + -9 + 0.
0
Calculate 18 - ((3 - 2) + (0 - -4)) - 4.
9
What is the value of (-2 - (-3 + (8 - 15))) + 4?
12
Evaluate 24 + -18 - (-5 - 3) - 32.
-18
What is the value of -1 + 2 + 24 - (-177 - -174) - 7?
21
What is the value of -5 + (23 + -31 - (2 - 5))?
-10
Evaluate 23 + 1 - (24 + 6 + (-52 - -27)).
19
Calculate -13 - (2 + 18 - 19).
-14
Calculate 20 + (9 + 0 + -4 - (7 - -1)).
17
What is 1 + -3 - (-168 - -172)?
-6
17 + -10 + (1 + -2 + 1 - 0)
7
Evaluate (-4 - 2) + 3 + (-17 - -7) + 9.
-4
Calculate 128 + -135 + (3 - ((0 - -1) + -20)).
15
Calculate -1 - -7 - ((-34 - -9) + 16).
15
What is the value of -3 + 9 + (4 - 15)?
-5
What is the value of -10 + 1 + 18 + (2 - (2 + 9))?
0
What is the value of -39 + 11 + 12 + 3 + -1?
-14
Evaluate (7 - (-3 + -12 + 23)) + -17.
-18
17 + (17 - 9) + (-9 - -4) + -3
17
Calculate 24 + 0 - (1207 + -1155).
-28
-957 - -936 - (2 + 11)
-34
What is -1 - -35 - (1148 - 1092)?
-22
Evaluate (3 - (-14 + -11)) + -22.
6
What is 